hest common divisor of g and 86?
43
Let p = 74 - 73. Let v = p + -5. Let x be (v/8)/(((-1)/(-50))/(-1)). What is the highest common divisor of 5 and x?
5
Let y(h) = h**2 + 17*h - 134. Let r be y(6). Let k = 102 + -27. Suppose -3*x + 90 = 5*t, 0 = -4*t - r*x + x + k. What is the highest common factor of 75 and t?
15
Let n(r) = 68*r + 5. Suppose d + 12 = 14. Let l be n(d). Let s be (-142)/(-9) + (l/27 - 5). Calculate the greatest common divisor of 176 and s.
16
Suppose 77271 + 77984 = 17*s + 45384. Calculate the greatest common divisor of 23 and s.
23
Let l = -6341 + 10805. Calculate the greatest common divisor of 288 and l.
144
Let x = 235 + -230. Suppose -r + 40 = x*y + 5, r = -4*y + 27. Calculate the greatest common divisor of y and 80.
8
Suppose 5 = -0*x + x, 335 = 5*u - 5*x. Let l = u + -487. Let r = l + 583. Calculate the greatest common divisor of r and 42.
42
Suppose -3*u + 15 = 0, -3 = -3*g + 2*u + 20. Suppose g*l - 10*l = -54. Let n = -36 - l. Calculate the highest common factor of n and 90.
18
Suppose -13*d + 28*d = 8*d + 1113. Calculate the highest common factor of d and 1537.
53
Let k = 1226 - 792. Calculate the highest common factor of k and 56.
14
Suppose -33 = 2*b - u, -3*b - 13*u - 63 = -10*u. Let v be -1 + b/(-3) + (-18)/(-9). Calculate the greatest common factor of v and 161.
7
Suppose 0 = 8*d + 4*j - 3188, -726 = -2*d + 2*j + 74. What is the greatest common factor of d and 361?
19
Let d = 60 + -12. Let h be 12*(-2)/(-12)*2 - d. Let x = -35 - h. Calculate the highest common divisor of x and 18.
9
Let k be 1*3*584/3. Let m be 22/(3432/(-1898))*(-5 - 1). Calculate the greatest common divisor of k and m.
73
Suppose -c + 2250 = 2*t, 3*c + 3*t = 5354 + 1411. Calculate the highest common factor of 100 and c.
20
Let n be (317 + -312)/((-3)/(-4815)*3). Calculate the highest common divisor of 175 and n.
25
Suppose -242 = 15*u - 557. Suppose -2*q = -7 - 35. Calculate the highest common divisor of q and u.
21
Let i = -9907 - -15318. Calculate the greatest common factor of i and 7.
7
Let d = -71 + 192. Suppose -13 + d = 9*k. What is the highest common divisor of 3 and k?
3
Let o = -12610 - -12697. Calculate the highest common factor of 203 and o.
29
Let l be (-6)/(-4) + 2/4. Suppose 2*x + l*x + 176 = 3*t, -2*t - 4*x = -124. Suppose 194 + 186 = 19*a. What is the highest common factor of t and a?
20
Suppose -4*g = -i + 129, 26*g - 25*g - 3 = 0. Calculate the greatest common factor of 3807 and i.
141
Let w(l) = -575*l + 3115. Let s be w(5). What is the greatest common divisor of 1056 and s?
48
Let l = -3 - -131. Let v = 130 - l. Calculate the greatest common factor of 1 and v.
1
Let p(c) = -400*c - 1. Let z be p(-1). Suppose -414*v = -z*v - 540. Calculate the greatest common divisor of v and 306.
18
Let d = 764 + -818. Let g be 4 + -9 + 6 - d. What is the highest common factor of 30 and g?
5
Suppose -2*t + 7*t = 110. Suppose l - 2*l = -t. Let b = -16 + 170. Calculate the greatest common divisor of b and l.
22
Let s be ((1220/16)/5)/(35/140). Calculate the highest common factor of 4758 and s.
61
Let l(o) = -19*o - 53. Let p(w) = 28*w + 80. Let i(g) = 7*l(g) + 5*p(g). Let y be i(4). What is the highest common divisor of 38 and y?
19
Suppose -5*f - 174 = -5*d + 26, 5*d + 5*f = 200. Calculate the greatest common factor of d and 936.
8
Suppose -24 + 12 = -4*l. Suppose 5 = 5*x, 2*a - 2*x - l*x = -157. Let c = a - -92. What is the highest common divisor of 240 and c?
16
Suppose -10*s + 141 + 260 = -769. What is the highest common divisor of s and 117?
117
Suppose 2*z + 2047*d = 2049*d + 786, -5*d - 1183 = -3*z. Calculate the highest common divisor of z and 34.
17
Let w be 185 - (-16)/4 - 3. Let t = w - -14. Suppose p = 2 + 23. Calculate the highest common factor of p and t.
25
Let k(h) = -h**3 - 4*h**2 + 13*h + 40. Let x be k(-5). Suppose 5*y = 2*q - 350, 2*q - 2*y = -x*y + 338. Calculate the greatest common divisor of 33 and q.
33
Suppose 0 = -3*z + 12, 2*v - 258 = 4*z + 34. Let y(r) = -r**3 - 2*r**2 + 10*r - 11. Let l be y(-5). What is the greatest common divisor of v and l?
14
Suppose -256178 - 3978 = -15*b + 2359. What is the highest common divisor of b and 55?
11
Suppose 25*o + x - 7 = 20*o, -5*o + 3 = -x. Calculate the highest common divisor of 131 and o.
1
Suppose 2 = 2*v, 36*c - 2840 = 33*c - 5*v. What is the highest common factor of c and 10?
5
Let u(x) = 2*x - 2. Let i be u(8). Suppose -104 = -p - 2*o, 0 = 4*p - 13*o + 16*o - 401. Calculate the greatest common factor of p and i.
14
Let r be (-4)/10 + 17/5. Suppose 8 - 50 = -r*g. Let d(i) = 125*i - 2361. Let y be d(19). What is the greatest common divisor of g and y?
14
Let z be (-12 - -10)*3/(3/(-14)). Calculate the highest common divisor of z and 413.
7
Suppose -525 = 2*b - 3*y + 6, 3*y = -15. Let h = 279 + b. Calculate the highest common divisor of h and 3.
3
Suppose 18 - 3 = 2*l - t, l + 20 = -5*t. Suppose 6*c = l*c - 1. Let u be c + 0 + (5 - -3). Calculate the highest common divisor of u and 35.
7
Let y = 14921 + -14761. Calculate the greatest common factor of y and 12640.
160
Let l(v) be the first derivative of 3*v**2/2 + 4*v - 11. Let p be l(11). Let m = 47 - p. Calculate the highest common factor of 30 and m.
10
Let z(p) = 11*p - 19. Let v be z(2). Let n be (-1)/(1/3 + (-2)/v). What is the greatest common factor of n and 36?
3
Let t = -4610 - -4635. What is the highest common factor of t and 400?
25
Suppose x - 38 + 10 = 0. Let p be -3 - 0 - x/(-4) - -34. What is the highest common factor of p and 38?
38
Suppose 1016 = -4*x + 3640. Let c = -648 + x. Calculate the highest common divisor of c and 28.
4
Let c be (-2796)/(-78) + 42/273. Let x = 45 - 21. Calculate the highest common factor of x and c.
12
Let c be (-265)/30 + 1/(-6). Let x be (-38)/((c/(-3))/48*-2). What is the highest common divisor of x and 38?
38
Let t(s) = 504*s + 9248. Let c be t(-18). Calculate the highest common divisor of 47696 and c.
176
Suppose 0 = -101*p + 11001 + 7922 + 11276. Calculate the highest common factor of p and 91.
13
Suppose -1054 - 533 = -53*w + 957. What is the greatest common divisor of w and 520?
8
Let l(n) = 39*n - 222. Let d(t) = -8*t + 45. Let p(m) = -24*d(m) - 5*l(m). Let x be p(8). Let w be (1 - 0)*6/1. What is the highest common factor of x and w?
6
Let m be 163 - ((-13)/(26/20))/2. What is the greatest common divisor of 924 and m?
84
Suppose 0 = -13*o + 3*o + 1430. Let t be 550/20 + 3/(-2). What is the greatest common factor of t and o?
13
Suppose -100*f + 114*f = 154. Suppose 3*z - 15 = 0, -c - f = -2*c + 2*z. What is the highest common factor of 42 and c?
21
Let b(k) = -k**2 + 16*k + 41. Let y be b(18). Suppose -y*f = 15 - 5. Let n be (-2 + -1)/(f/(104/12)). What is the highest common factor of n and 13?
13
Suppose -36 - 4 = -10*s. Suppose 2*f - 30 = s*q, 11*f - 8*f + 5*q = -10. What is the highest common divisor of f and 80?
5
Let m(v) = 2*v**3 + 37*v**2 - 27*v + 1. Let z(c) = -2*c**2 - 64*c + 47. Let b be z(-33). Let j be m(b). Calculate the greatest common divisor of 34 and j.
17
Suppose 0 = 5*p - 75 - 140. Let k = -38 + p. Let g be (102/7)/(k/105). What is the highest common factor of g and 51?
51
Let a(j) = -79*j - 1180. Let i be a(-15). Suppose 0 = 3*s - 396 - 669. What is the highest common divisor of s and i?
5
Let b(x) = -16*x**2 - 35*x - 3. Let o be b(-3). Let m be o/(-4)*(-96)/(-84). What is the highest common divisor of m and 768?
12
Let f = -5221 - -5233. Calculate the greatest common factor of f and 7536.
12
Suppose -2982*h - 16992 = -3041*h. Calculate the highest common divisor of h and 3888.
144
Suppose 5*j - 9*j + 64 = 0. Suppose -o + j*o - 3450 = 0. Calculate the greatest common factor of o and 184.
46
Let u(y) = -y**2 + 38*y + 3741. Let g be u(-45). Calculate the highest common factor of g and 1294.
2
Let u = 2 + 1. Suppose 60 = u*r + r. Suppose 4*t + 2*h - 20 = 0, -3*t - 2*h + 25 - 11 = 0. What is the greatest common factor of r and t?
3
Let d(w) = 73*w + 3548. Let k be d(88). What is the greatest common divisor of 72 and k?
36
Let b(l) = 5*l + 8. Let h be b(5). Let q = 182 - 174. Suppose -5*r = 5, 2*r + r = -x + q. Calculate the greatest common divisor of x and h.
11
Let m(v) = -640*v + 65. Let x be m(-4). Calculate the highest common divisor of x and 651.
21
